{"id":150,"date":"2016-05-14T13:47:47","date_gmt":"2016-05-14T12:47:47","guid":{"rendered":"http:\/\/lesentierdelamour.be\/?page_id=150"},"modified":"2016-05-14T13:47:47","modified_gmt":"2016-05-14T12:47:47","slug":"les-messagers","status":"publish","type":"page","link":"https:\/\/lesentierdelamour.be\/index.php\/nos-oeuvres\/les-messagers\/","title":{"rendered":"Les Messagers"},"content":{"rendered":"<p><img decoding=\"async\" loading=\"lazy\" class=\"size-medium wp-image-151 alignleft\" src=\"http:\/\/lesentierdelamour.be\/wp-content\/uploads\/2016\/05\/messager-web-300x200.jpg\" alt=\"messager web\" width=\"300\" height=\"200\" srcset=\"https:\/\/lesentierdelamour.be\/wp-content\/uploads\/2016\/05\/messager-web-300x200.jpg 300w, https:\/\/lesentierdelamour.be\/wp-content\/uploads\/2016\/05\/messager-web.jpg 448w\" sizes=\"(max-width: 300px) 100vw, 300px\" \/>\u00c7a y&rsquo;est c&rsquo;est le moment, installez-vous, respirez le bon air, prenez un crayon et profitez de ce moment apaisant pour vider votre esprit sur du papier, glissez le dans une bouteille.<\/p>\n<p>Fermez les yeux un instant et imaginez cette bouteille voyager sur l&rsquo;oc\u00e9an. Qui n&rsquo;a jamais connu le mythe d&rsquo;une bouteille \u00e0 la mer, n&rsquo;est-il pas excitant d&rsquo;\u00e9crire \u00e0 une personne que vous ne connaissez pas encore ou que vous ne verrez jamais mais conna\u00eetra tout de m\u00eame une partie de vous.<\/p>\n<p>Vous pouvez \u00e9galement \u00e9crire \u00e0 votre partenaire et lui sugg\u00e9rer d&rsquo;aller voir votre message !<\/p>\n<p>M\u00e9gane Caillot et Alexia Selvez<\/p>\n","protected":false},"excerpt":{"rendered":"<p>\u00c7a y&rsquo;est c&rsquo;est le moment, installez-vous, respirez le bon air, prenez un crayon et profitez de ce moment apaisant pour vider votre esprit sur du papier, glissez le dans une bouteille. Fermez les yeux un instant et imaginez cette bouteille voyager sur l&rsquo;oc\u00e9an. Qui n&rsquo;a jamais connu le mythe d&rsquo;une<a href=\"https:\/\/lesentierdelamour.be\/index.php\/nos-oeuvres\/les-messagers\/\" class=\"read-more\">Read More<\/a><\/p>\n","protected":false},"author":1,"featured_media":0,"parent":7,"menu_order":0,"comment_status":"closed","ping_status":"closed","template":"","meta":[],"_links":{"self":[{"href":"https:\/\/lesentierdelamour.be\/index.php\/wp-json\/wp\/v2\/pages\/150"}],"collection":[{"href":"https:\/\/lesentierdelamour.be\/index.php\/wp-json\/wp\/v2\/pages"}],"about":[{"href":"https:\/\/lesentierdelamour.be\/index.php\/wp-json\/wp\/v2\/types\/page"}],"author":[{"embeddable":true,"href":"https:\/\/lesentierdelamour.be\/index.php\/wp-json\/wp\/v2\/users\/1"}],"replies":[{"embeddable":true,"href":"https:\/\/lesentierdelamour.be\/index.php\/wp-json\/wp\/v2\/comments?post=150"}],"version-history":[{"count":1,"href":"https:\/\/lesentierdelamour.be\/index.php\/wp-json\/wp\/v2\/pages\/150\/revisions"}],"predecessor-version":[{"id":152,"href":"https:\/\/lesentierdelamour.be\/index.php\/wp-json\/wp\/v2\/pages\/150\/revisions\/152"}],"up":[{"embeddable":true,"href":"https:\/\/lesentierdelamour.be\/index.php\/wp-json\/wp\/v2\/pages\/7"}],"wp:attachment":[{"href":"https:\/\/lesentierdelamour.be\/index.php\/wp-json\/wp\/v2\/media?parent=150"}],"curies":[{"name":"wp","href":"https:\/\/api.w.org\/{rel}","templated":true}]}}