{"id":428,"date":"2020-05-01T13:49:16","date_gmt":"2020-05-01T12:49:16","guid":{"rendered":"http:\/\/lesentierdelamour.be\/?page_id=428"},"modified":"2020-11-22T19:16:30","modified_gmt":"2020-11-22T18:16:30","slug":"le-sentier-enchante","status":"publish","type":"page","link":"https:\/\/lesentierdelamour.be\/index.php\/vers-sentier-enchante\/le-sentier-enchante\/","title":{"rendered":"Le sentier Enchant\u00e9 &#8211; description"},"content":{"rendered":"<p>Il \u00e9tait une fois un parcours dessin\u00e9 dans les bois, qui faisait la part belle au patrimoine oral du Pays des Collines.\u00a0 Les oeuvres de notre agri-sculpteur Patrick Jouret balisent un circuit enchant\u00e9, rempli de petits \u00eatres qui se cachent sous les feuilles, dans les troncs creux ou au d\u00e9tour d&rsquo;un sentier.\u00a0 Ce sentier parsem\u00e9 de contes et l\u00e9gendes vous plonge dans l&rsquo;univers myst\u00e9rieux des croyances populaires oubli\u00e9es.\u00a0 Laissez-vous guider, \u00e0 travers les bois et les monts, \u00e0 la d\u00e9couverte du Petit Peuple, ces petits \u00eatres myst\u00e9rieux qui peuplent les for\u00eats et les sources : Gnomes, Nutons et autres Feux Follets &#8230;<\/p>\n<p>Cette balade de 8 km a \u00e9t\u00e9 d\u00e9crite <a href=\"https:\/\/www.visitwapi.be\/le-sentier-enchante\" target=\"_blank\" rel=\"noopener noreferrer\">sur le site de VisitWapi<\/a> o\u00f9 vous y trouverez l&rsquo;ensemble plan du parcours, la description des \u0153uvres &#8230;<\/p>\n<p>Le parcours est \u00e9galement le support d&rsquo;une histoire, celle de Pia Couchotte, petite sorci\u00e8re du Pays des Collines en mission de confiance et racont\u00e9e par panneaux successifs.\u00a0 L&rsquo;histoire\u00a0a \u00e9t\u00e9 imagin\u00e9e par\u00a0<a href=\"http:\/\/www.lison-leroy.be\/\" target=\"_blank\" rel=\"noopener noreferrer\">Fran\u00e7oise Lison,<\/a>\u00a0po\u00e8te native de Wodecq.\u00a0 Les\u00a0arrangements\u00a0photographiques sont l&rsquo;\u0153uvre de la photographe Myriam Lanckmans, de Flobecq, r\u00e9alis\u00e9es sur les cr\u00e9ations en papier m\u00e2ch\u00e9 de l&rsquo;anvinoise George Warnant. Ce trio en symbiose permanente avec notre Parc Naturel a sublim\u00e9 l&rsquo;art de vie des frasnois dans cette po\u00e9sie sortie de la terre de nos collines.<\/p>\n<p>Lors de votre parcours, vous verrez \u00e9galement des photos imprim\u00e9es sur de grands panneaux.\u00a0 En effet, Le Plan Communal du D\u00e9veloppement de la Nature (PCDN de Frasnes) avait propos\u00e9, en 2019, un concours-photos sur le th\u00e8me \u00ab\u00a0la vie au ras du sol\u00a0\u00bb, en partenariat avec le CRIE de Mouscron. Ce th\u00e8me a inspir\u00e9 de nombreux photographes amateurs frasnois. Les 10 plus belles photos ont \u00e9t\u00e9 reproduites \u00e0 grand format. Elles tr\u00f4nent maintenant aux Bruy\u00e8res et \u00e0 la Taillette sur un parcours de 2 km.\u00a0 Vous trouverez plus d&rsquo;informations sur le <a href=\"https:\/\/www.frasnes-lez-anvaing.be\/ma-commune\/environnement\/pcdn\/a-la-une\/les-gagnants-du-concours-photo-2019-sont-connus\" target=\"_blank\" rel=\"noopener noreferrer\">site de la commune de Frasnes-Lez-Anvaing (PCDN)<\/a><\/p>\n<p>&nbsp;<\/p>\n<div id=\"sconnect-is-installed\" style=\"display: none;\">2.12.0.0<\/div>\n<div id=\"sconnect-is-installed\" style=\"display: none;\">2.12.0.0<\/div>\n<div id=\"sconnect-is-installed\" style=\"display: none;\">2.12.0.0<\/div>\n<div id=\"sconnect-is-installed\" style=\"display: none;\">2.12.0.0<\/div>\n","protected":false},"excerpt":{"rendered":"<p>Il \u00e9tait une fois un parcours dessin\u00e9 dans les bois, qui faisait la part belle au patrimoine oral du Pays des Collines.\u00a0 Les oeuvres de notre agri-sculpteur Patrick Jouret balisent un circuit enchant\u00e9, rempli de petits \u00eatres qui se cachent sous les feuilles, dans les troncs creux ou au d\u00e9tour<a href=\"https:\/\/lesentierdelamour.be\/index.php\/vers-sentier-enchante\/le-sentier-enchante\/\" class=\"read-more\">Read More<\/a><\/p>\n","protected":false},"author":1,"featured_media":0,"parent":413,"menu_order":0,"comment_status":"closed","ping_status":"closed","template":"","meta":[],"_links":{"self":[{"href":"https:\/\/lesentierdelamour.be\/index.php\/wp-json\/wp\/v2\/pages\/428"}],"collection":[{"href":"https:\/\/lesentierdelamour.be\/index.php\/wp-json\/wp\/v2\/pages"}],"about":[{"href":"https:\/\/lesentierdelamour.be\/index.php\/wp-json\/wp\/v2\/types\/page"}],"author":[{"embeddable":true,"href":"https:\/\/lesentierdelamour.be\/index.php\/wp-json\/wp\/v2\/users\/1"}],"replies":[{"embeddable":true,"href":"https:\/\/lesentierdelamour.be\/index.php\/wp-json\/wp\/v2\/comments?post=428"}],"version-history":[{"count":7,"href":"https:\/\/lesentierdelamour.be\/index.php\/wp-json\/wp\/v2\/pages\/428\/revisions"}],"predecessor-version":[{"id":501,"href":"https:\/\/lesentierdelamour.be\/index.php\/wp-json\/wp\/v2\/pages\/428\/revisions\/501"}],"up":[{"embeddable":true,"href":"https:\/\/lesentierdelamour.be\/index.php\/wp-json\/wp\/v2\/pages\/413"}],"wp:attachment":[{"href":"https:\/\/lesentierdelamour.be\/index.php\/wp-json\/wp\/v2\/media?parent=428"}],"curies":[{"name":"wp","href":"https:\/\/api.w.org\/{rel}","templated":true}]}}