{"id":544,"date":"2024-05-19T06:08:33","date_gmt":"2024-05-19T05:08:33","guid":{"rendered":"http:\/\/lesentierdelamour.be\/?page_id=544"},"modified":"2024-05-19T06:33:15","modified_gmt":"2024-05-19T05:33:15","slug":"love-love","status":"publish","type":"page","link":"https:\/\/lesentierdelamour.be\/index.php\/nos-oeuvres\/love-love\/","title":{"rendered":"Love love"},"content":{"rendered":"<p>Les miroirs dans l&rsquo;arbre nous permettent de faire face \u00e0 ce que nous sommes, l&rsquo;accepter et se r\u00e9concilier avec soi-m\u00eame.<\/p>\n<p>A la fin de ce face \u00e0 face avec ces miroirs, on peut repartir avec le coeur rempli d&rsquo;amour et m\u00eame \u00eatre pr\u00eat \u00e0 en offrir autour de nous.<\/p>\n<p>Ce projet nous insite \u00e0 faire une pause dans notre vie pour se retrouver int\u00e9rieurement.<\/p>\n<p>Pensez-y quand vous passer sous cet arbre \u00e0 la rue Delcourbe !<\/p>\n","protected":false},"excerpt":{"rendered":"<p>Les miroirs dans l&rsquo;arbre nous permettent de faire face \u00e0 ce que nous sommes, l&rsquo;accepter et se r\u00e9concilier avec soi-m\u00eame. A la fin de ce face \u00e0 face avec ces miroirs, on peut repartir avec le coeur rempli d&rsquo;amour et m\u00eame \u00eatre pr\u00eat \u00e0 en offrir autour de nous. Ce<a href=\"https:\/\/lesentierdelamour.be\/index.php\/nos-oeuvres\/love-love\/\" class=\"read-more\">Read More<\/a><\/p>\n","protected":false},"author":1,"featured_media":0,"parent":7,"menu_order":0,"comment_status":"closed","ping_status":"closed","template":"","meta":[],"_links":{"self":[{"href":"https:\/\/lesentierdelamour.be\/index.php\/wp-json\/wp\/v2\/pages\/544"}],"collection":[{"href":"https:\/\/lesentierdelamour.be\/index.php\/wp-json\/wp\/v2\/pages"}],"about":[{"href":"https:\/\/lesentierdelamour.be\/index.php\/wp-json\/wp\/v2\/types\/page"}],"author":[{"embeddable":true,"href":"https:\/\/lesentierdelamour.be\/index.php\/wp-json\/wp\/v2\/users\/1"}],"replies":[{"embeddable":true,"href":"https:\/\/lesentierdelamour.be\/index.php\/wp-json\/wp\/v2\/comments?post=544"}],"version-history":[{"count":1,"href":"https:\/\/lesentierdelamour.be\/index.php\/wp-json\/wp\/v2\/pages\/544\/revisions"}],"predecessor-version":[{"id":545,"href":"https:\/\/lesentierdelamour.be\/index.php\/wp-json\/wp\/v2\/pages\/544\/revisions\/545"}],"up":[{"embeddable":true,"href":"https:\/\/lesentierdelamour.be\/index.php\/wp-json\/wp\/v2\/pages\/7"}],"wp:attachment":[{"href":"https:\/\/lesentierdelamour.be\/index.php\/wp-json\/wp\/v2\/media?parent=544"}],"curies":[{"name":"wp","href":"https:\/\/api.w.org\/{rel}","templated":true}]}}